omposite?
True
Is 2142029 composite?
False
Is 1800587 prime?
False
Is 18414343 a prime number?
True
Is 105685009 prime?
True
Is 8453369 composite?
True
Is 494307469 a composite number?
False
Is 1147129781 a composite number?
True
Is 73297281 composite?
True
Is 16105139 a composite number?
False
Is 26087561 a prime number?
False
Is 1839433 a prime number?
True
Is 6861559 composite?
False
Is 44881339 composite?
False
Is 88579093 composite?
False
Is 1574398103 prime?
True
Is 5762231 a composite number?
False
Is 88937 prime?
True
Is 4615139 a prime number?
True
Is 231743 a composite number?
True
Is 215011 prime?
False
Is 775573 a prime number?
True
Is 34988141 composite?
False
Is 35966155 composite?
True
Is 1507771 a prime number?
True
Is 31272023 a prime number?
True
Is 21032699 a prime number?
True
Is 2330927 a composite number?
False
Is 2614987 composite?
False
Is 1701527 composite?
False
Is 7620101 prime?
True
Is 143021953 a prime number?
False
Is 2618461 composite?
False
Is 12719503 prime?
True
Is 51356479 a prime number?
True
Is 805018111 prime?
False
Is 1543777 a composite number?
False
Is 835751731 a composite number?
True
Is 7259267 prime?
True
Is 176465951 prime?
True
Is 1415341 a composite number?
False
Is 9769891 prime?
True
Is 55554551 prime?
False
Is 102987935 prime?
False
Is 130457 a prime number?
True
Is 31741969 composite?
True
Is 9256147 a prime number?
True
Is 79294361 prime?
True
Is 11967313 composite?
False
Is 1051499 prime?
True
Is 23085647 composite?
True
Is 1718543 a composite number?
True
Is 8278261 prime?
True
Is 9826057 a composite number?
False
Is 196952647 composite?
False
Is 846952061 composite?
True
Is 363797849 a prime number?
True
Is 1566503 a prime number?
False
Is 5773349 prime?
False
Is 27206827 a composite number?
True
Is 68750833 a prime number?
False
Is 13078085 a composite number?
True
Is 8195773 composite?
False
Is 20444981 a prime number?
False
Is 33692023 prime?
True
Is 568740427 prime?
True
Is 28313227 a prime number?
True
Is 3453287 prime?
False
Is 3334355 a composite number?
True
Is 636097099 a prime number?
False
Is 246489343 a prime number?
True
Is 117683941 a prime number?
True
Is 840054659 prime?
False
Is 48500651 prime?
True
Is 9416263 composite?
False
Is 74296883 a prime number?
True
Is 238889531 a prime number?
True
Is 9688619 prime?
True
Is 4078253 prime?
True
Is 364847009 a composite number?
False
Is 303977 composite?
True
Is 2111797 prime?
False
Is 3736033 a prime number?
False
Is 804263 prime?
False
Is 70420349 composite?
True
Is 45064507 a composite number?
False
Is 1776451 composite?
True
Is 51581 a prime number?
True
Is 3283171 prime?
True
Is 5111459 composite?
False
Is 139672007 composite?
False
Is 1149857 a composite number?
False
Is 34430614 a composite number?
True
Is 2471297441 a prime number?
True
Is 2153773 prime?
True
Is 3085903 a composite number?
False
Is 10539447 a composite number?
True
Is 9054667 prime?
True
Is 46881787 composite?
False
Is 478731137 a prime number?
True
Is 560682269 a composite number?
True
Is 444886687 composite?
True
Is 40238021 prime?
True
Is 86949007 a prime number?
True
Is 15996703 prime?
True
Is 2667187 a prime number?
True
Is 2712703 a composite number?
True
Is 28982729 a prime number?
False
Is 14591 prime?
True
Is 25678271 composite?
True
Is 36241823 a composite number?
False
Is 275727 a prime number?
False
Is 10572311 prime?
True
Is 810307 a composite number?
False
Is 405131 composite?
True
Is 750618367 composite?
False
Is 993359 prime?
False
Is 10590991 composite?
True
Is 182093 composite?
True
Is 18973063 prime?
False
Is 3436241 a prime number?
True
Is 2868511 a prime number?
True
Is 10297811 prime?
False
Is 5862559 composite?
False
Is 784681 a composite number?
True
Is 4212521 a composite number?
False
Is 120707 a composite number?
True
Is 631979 a composite number?
False
Is 7138322 prime?
False
Is 464591 a composite number?
False
Is 6148721 a prime number?
True
Is 10581031 composite?
False
Is 40637347 prime?
False
Is 8056211 a composite number?
False
Is 15434879 composite?
False
Is 395967529 composite?
False
Is 18751541 composite?
False
Is 6165191 composite?
False
Is 3557613 composite?
True
Is 4614173 composite?
False
Is 14990891 a composite number?
True
Is 21900161 prime?
False
Is 4341419 a prime number?
True
Is 296133 composite?
True
Is 6854941 a prime number?
True
Is 29364187 a prime number?
True
Is 120747193 a composite number?
True
Is 28911397 a prime number?
True
Is 7453049 composite?
False
Is 4859089 a composite number?
True
Is 548153 prime?
True
Is 5187523 a composite number?
True
Is 2564851 prime?
False
Is 1981853 a prime number?
True
Is 434627 composite?
True
Is 65629 a prime number?
True
Is 354125237 a composite number?
False
Is 25106461 prime?
False
Is 131353837 composite?
False
Is 486907 prime?
True
Is 12164147 a prime number?
True
Is 9552077 a prime number?
True
Is 2911567 composite?
True
Is 175211 a composite number?
False
Is 75457099 prime?
True
Is 28978559 prime?
True
Is 192233071 a prime number?
True
Is 183577937 a composite number?
False
Is 5537533 composite?
False
Is 4428933 composite?
True
Is 3969001 a prime number?
True
Is 25610971 prime?
True
Is 16198069 composite?
False
Is 692249 prime?
True
Is 15942827 prime?
False
Is 1508321 a prime number?
True
Is 1125326 prime?
False
Is 21644057 composite?
True
Is 51616277 prime?
True
Is 50423617 composite?
True
Is 194257069 a composite number?
False
Is 1223555 prime?
False
Is 9034079 composite?
True
Is 3524029 prime?
True
Is 407579 a prime number?
True
Is 72004579 prime?
False
Is 17188927 prime?
False
Is 15139567 a composite number?
True
Is 23942591 prime?
False
Is 218209 composite?
True
Is 31871083 composite?
False
Is 96797971 a prime number?
False
Is 35986045 composite?
True
Is 14798391 composite?
True
Is 15949711 a prime number?
False
Is 54318001 prime?
False
Is 2570779331 composite?
False
Is 9500279 a prime number?
True
Is 168167 a prime number?
False
Is 4914431 a composite number?
False
Is 10954 a prime number?
False
Is 40399 composite?
True
Is 25852451 composite?
False
Is 32616583 composite?
True
Is 1645613 a prime number?
True
Is 133814509 composite?
True
Is 835080763 a prime number?
False
Is 23323457 a composite number?
True
Is 19458343 composite?
False
Is 757963 a prime number?
False
Is 49873 prime?
False
Is 9197053 a composite number?
True
Is 3097867 a prime number?
False
Is 684391 a composite number?
True
Is 12714089 composite?
False
Is 3339185 a prime number?
False
Is 4169071 composite?
True
Is 22827793 a prime number?
True
Is 135694921 a prime number?
False
Is 142890639 prime?
False
Is 158857 prime?
False
Is 5629913 prime?
True
Is 10086269 prime?
False
Is 15223363 a prime number?
False
Is 22047447 a composite number?
True
Is 16950419 composite?
False
Is 452147681 prime?
True
Is 4518667 prime?
True
Is 1646579 prime?
False
Is 11076097 composite?
False
Is 3649991 a composite number?
True
Is 37478279 composite?
True
Is 180697 composite?
True
Is 143307629 a prime number?
True
Is 147675421 a prime number?
True
Is 14000851 a composite number?
True
Is 2712613 a prime number?
True
Is 9918593 prime?
True
Is 3165113 a prime number?
False
Is 12097237 a prime number?
False
Is 11511497 a prime number?
False
Is 125060497 a prime number?
False
Is 88058183 prime?
True
Is 1680155 prime?
False
Is 79041871 a composite number?
False
Is 5779537 composite?
False
Is 26164643 composite?
False
Is 978931 a composite number?
False
Is 8843047 a composite number?
False
Is 3508231 a prime number?
True
Is 22952719 prime?
True
Is 2907683 a composite number?
True
Is 163402 a composite number?
True
Is 219001207 prime?
False
Is 1879753 prime?
False
Is 4365211 a composite number?
False
Is 8033113 a composite number?
True
Is 1246823 a composite number?
False
Is 75221299 a composite number?
False
Is 122446087 prime?
False
Is 214925695 a composite number?
True
Is 124080577 a composite number?
False
Is 6428323 a composite number?
True
Is 2303923 a prime number?
True
Is 693886253 a prime number?
True
Is 16868833 a composite number?
False
Is 15788249 a composite number?
False
Is 312164519 prime?
True
Is 1799671 a prime number?
False
Is 123376007 prime?
True
Is 57769 prime?
False
Is 22209995 composite?
True
Is